red thousands digit of 631118?
6
What is the thousands digit of 1927341?
7
What is the tens digit of 2692232?
3
What is the tens digit of 378937?
3
What is the ten thousands digit of 425156?
2
What is the tens digit of 11034498?
9
What is the thousands digit of 221013?
1
What is the tens digit of 8252067?
6
What is the thousands digit of 13238358?
8
What is the units digit of 34460125?
5
What is the hundred thousands digit of 322493?
3
What is the units digit of 212321?
1
What is the millions digit of 5027561?
5
What is the tens digit of 791232?
3
What is the hundreds digit of 28872266?
2
What is the ten thousands digit of 348808?
4
What is the ten thousands digit of 1905222?
0
What is the ten thousands digit of 298982?
9
What is the thousands digit of 206049?
6
What is the tens digit of 12037054?
5
What is the thousands digit of 5355421?
5
What is the tens digit of 14858?
5
What is the ten thousands digit of 2548360?
4
What is the hundred thousands digit of 4427732?
4
What is the hundred thousands digit of 2464694?
4
What is the hundred thousands digit of 228242?
2
What is the hundreds digit of 100146?
1
What is the hundreds digit of 1379222?
2
What is the millions digit of 1648422?
1
What is the units digit of 1426447?
7
What is the tens digit of 634093?
9
What is the units digit of 908118?
8
What is the units digit of 1035713?
3
What is the ten thousands digit of 169040?
6
What is the hundreds digit of 1003315?
3
What is the ten thousands digit of 1659960?
5
What is the units digit of 246612?
2
What is the ten thousands digit of 707311?
0
What is the hundred thousands digit of 1685245?
6
What is the millions digit of 1137751?
1
What is the tens digit of 290908?
0
What is the millions digit of 3912742?
3
What is the millions digit of 8515475?
8
What is the hundred thousands digit of 12306591?
3
What is the ten thousands digit of 134969?
3
What is the millions digit of 3372075?
3
What is the hundreds digit of 1717364?
3
What is the hundreds digit of 1082312?
3
What is the units digit of 5395785?
5
What is the ten thousands digit of 1677716?
7
What is the units digit of 202688?
8
What is the tens digit of 12064271?
7
What is the millions digit of 14870690?
4
What is the thousands digit of 84503?
4
What is the tens digit of 232582?
8
What is the units digit of 76076?
6
What is the hundred thousands digit of 368029?
3
What is the thousands digit of 95856?
5
What is the tens digit of 3840150?
5
What is the hundred thousands digit of 685956?
6
What is the ten thousands digit of 1777958?
7
What is the units digit of 444621?
1
What is the ten thousands digit of 198192?
9
What is the hundreds digit of 14446434?
4
What is the hundred thousands digit of 118497?
1
What is the tens digit of 2078773?
7
What is the thousands digit of 1625241?
5
What is the hundred thousands digit of 4019809?
0
What is the hundreds digit of 78079?
0
What is the ten thousands digit of 448579?
4
What is the hundred thousands digit of 265030?
2
What is the hundred thousands digit of 2696124?
6
What is the hundred thousands digit of 1838354?
8
What is the units digit of 253134?
4
What is the hundreds digit of 294512?
5
What is the millions digit of 1965488?
1
What is the hundreds digit of 4116146?
1
What is the ten thousands digit of 28162609?
6
What is the ten thousands digit of 139854?
3
What is the thousands digit of 105176?
5
What is the tens digit of 10172821?
2
What is the units digit of 5392938?
8
What is the ten thousands digit of 50560?
5
What is the units digit of 54641?
1
What is the ten thousands digit of 31994?
3
What is the thousands digit of 1311759?
1
What is the thousands digit of 459129?
9
What is the tens digit of 203305?
0
What is the tens digit of 2803643?
4
What is the ten thousands digit of 1875797?
7
What is the thousands digit of 5077848?
7
What is the tens digit of 2384054?
5
What is the hundred thousands digit of 6112982?
1
What is the hundred thousands digit of 350616?
3
What is the hundreds digit of 79341?
3
What is the hundreds digit of 1247066?
0
What is the thousands digit of 441098?
1
What is the thousands digit of 1495866?
5
What is the hundred thousands digit of 13024363?
0
What is the tens digit of 2426297?
9
What is the tens digit of 16534108?
0
What is the thousands digit of 22397?
2
What is the thousands digit of 428987?
8
What is the ten thousands digit of 325408?
2
What is the units digit of 6637673?
3
What is the ten thousands digit of 229867?
2
What is the units digit of 294522?
2
What is the hundreds digit of 3139403?
4
What is the hundred thousands digit of 233594?
2
What is the hundreds digit of 156144?
1
What is the tens digit of 3414201?
0
What is the hundreds digit of 888575?
5
What is the hundreds digit of 93317?
3
What is the thousands digit of 33957?
3
What is the hundreds digit of 339686?
6
What is the tens digit of 1974028?
2
What is the hundred thousands digit of 14656794?
6
What is the units digit of 270437?
7
What is the thousands digit of 18542979?
2
What is the tens digit of 416632?
3
What is the tens digit of 12688320?
2
What is the millions digit of 4789268?
4
What is the hundred thousands digit of 482515?
4
What is the hundreds digit of 57001?
0
What is the thousands digit of 29972522?
2
What is the hundreds digit of 2483450?
4
What is the tens digit of 352953?
5
What is the thousands digit of 270025?
0
What is the ten thousands digit of 13338973?
3
What is the millions digit of 4341221?
4
What is the millions digit of 6416293?
6
What is the tens digit of 5435997?
9
What is the ten thousands digit of 1506212?
0
What is the tens digit of 3773890?
9
What is the units digit of 12292234?
4
What is the millions digit of 8049982?
8
What is the tens digit of 31421?
2
What is the ten thousands digit of 1988780?
8
What is the tens digit of 415052?
5
What is the hundreds digit of 847318?
3
What is the hundred thousands digit of 846001?
8
What is the hundreds digit of 12889085?
0
What is the ten thousands digit of 3345984?
4
What is the hundreds digit of 937106?
1
What is the hundred thousands digit of 9961552?
9
What is the ten thousands digit of 1358508?
5
What is the hundreds digit of 601287?
2
What is the thousands digit of 10314621?
4
What is the tens digit of 366184?
8
What is the hundreds digit of 593306?
3
What is the thousands digit of 244996?
4
What is the tens digit of 2507393?
9
What is the ten thousands digit of 14809?
1
What is the millions digit of 5325322?
5
What is the hundreds digit of 19243?
2
What is the thousands digit of 641018?
1
What is the units digit of 554039?
9
What is the tens digit of 65239?
3
What is the hundred thousands digit of 2111606?
1
What is the thousands digit of 876674?
6
What is the units digit of 311096?
6
What is the thousands digit of 2111416?
1
What is the hundred thousands digit of 1272933?
2
What is the thousands digit of 205921?
5
What is the units digit of 2563424?
4
What is the thousands digit of 1403699?
3
What is the units digit of 392169?
9
What is the units digit of 5042731?
1
What is the tens digit of 923951?
5
What is the tens digit of 5004396?
9
What is the units digit of 1113239?
9
What is the thousands digit of 7935819?
5
What is the tens digit of 11033375?
7
What is the tens digit of 964295?
9
What is the hundreds digit of 231316?
3
What is the millions digit of 5311302?
5
What is the units digit of 1019483?
3
What is the hundreds digit of 21723579?
5
What is the units digit of 211020?
0
What is the thousands digit of 20052681?
2
What is the tens digit of 232874?
7
What is the ten thousands digit of 351921?
5
What is the units digit of 859358?
8
What is the units digit of 1334435?
5
What is the ten thousands digit of 405447?
0
What is the thousands digit of 10567039?
7
What is the ten thousands digit of 250865?
5
What is the ten thousands digit of 3056534?
5
What is the hundreds digit of 395254?
2
What is the units digit of 2706631?
1
What is the ten thousands digit of 11301731?
0
What is the hundred thousands digit of 100298?
1
What is the units digit of 869412?
2
What is the units digit of 6061993?
3
What is the thousands digit of 471727?
1
What is the ten thousands digit of 3067826?
6
What is the ten thousands digit of 3982815?
8
What is the hundreds digit of 